{"id":40482,"date":"2024-08-22T20:25:48","date_gmt":"2024-08-22T18:25:48","guid":{"rendered":"https:\/\/urszula.malbork.pl\/?page_id=40482"},"modified":"2024-08-22T20:40:02","modified_gmt":"2024-08-22T18:40:02","slug":"strony-malzenskie-i-rodzinne","status":"publish","type":"page","link":"https:\/\/urszula.malbork.pl\/index.php\/strony-malzenskie-i-rodzinne\/","title":{"rendered":"Strony ma\u0142\u017ce\u0144skie i rodzinne"},"content":{"rendered":"\t\t<div data-elementor-type=\"wp-page\" data-elementor-id=\"40482\" class=\"elementor elementor-40482\">\n\t\t\t\t<div class=\"elementor-element elementor-element-6166c920 cmsmasters-section-for-header-yes e-flex e-con-boxed cmsmasters-bg-hide-none cmsmasters-bg-hide-none cmsmasters-block-default e-con e-parent\" data-id=\"6166c920\" data-element_type=\"container\" data-settings=\"{&quot;background_background&quot;:&quot;classic&quot;}\">\n\t\t\t\t\t<div class=\"e-con-inner\">\n\t\t\t\t<div class=\"elementor-element elementor-element-404f82de cmsmasters-block-default cmsmasters-sticky-default elementor-widget elementor-widget-heading\" data-id=\"404f82de\" data-element_type=\"widget\" data-widget_type=\"heading.default\">\n\t\t\t\t<div class=\"elementor-widget-container\">\n\t\t\t\t\t<h1 class=\"elementor-heading-title elementor-size-default\">Archiwa<\/h1>\t\t\t\t<\/div>\n\t\t\t\t<\/div>\n\t\t\t\t<div class=\"elementor-element elementor-element-fcff96c cmsmasters-breadcrumbs-alignment-right cmsmasters-breadcrumbs-alignment-mobile-left cmsmasters-separator-type-text cmsmasters-block-default cmsmasters-sticky-default elementor-widget elementor-widget-cmsmasters-breadcrumbs cmsmasters-widget-breadcrumbs\" data-id=\"fcff96c\" data-element_type=\"widget\" data-widget_type=\"cmsmasters-breadcrumbs.default\">\n\t\t\t\t<div class=\"elementor-widget-container\">\n\t\t\t\t\t<div class=\"cmsmasters-widget-breadcrumbs__container\"><div class=\"cmsmasters-widget-breadcrumbs__content\"><a href=\"https:\/\/urszula.malbork.pl\/\" class=\"cmsmasters-home\">Home<\/a><span class=\"cmsmasters-widget-breadcrumbs__sep\"><span>|<\/span><\/span><span>No breadcrumbs<\/span><\/div><\/div>\t\t\t\t<\/div>\n\t\t\t\t<\/div>\n\t\t\t\t\t<\/div>\n\t\t\t\t<\/div>\n\t\t<div class=\"elementor-element elementor-element-6df39e42 e-flex e-con-boxed cmsmasters-block-default e-con e-parent\" data-id=\"6df39e42\" data-element_type=\"container\">\n\t\t\t\t\t<div class=\"e-con-inner\">\n\t\t\t\t<div class=\"elementor-element elementor-element-353eec40 cmsmasters-block-default cmsmasters-sticky-default elementor-widget elementor-widget-heading\" data-id=\"353eec40\" data-element_type=\"widget\" data-widget_type=\"heading.default\">\n\t\t\t\t<div class=\"elementor-widget-container\">\n\t\t\t\t\t<h3 class=\"elementor-heading-title elementor-size-default\">Zach\u0119camy do zajrzenia na poni\u017csze strony:<\/h3>\t\t\t\t<\/div>\n\t\t\t\t<\/div>\n\t\t<div class=\"elementor-element elementor-element-2977e2a4 e-con-full e-flex cmsmasters-block-default e-con e-child\" data-id=\"2977e2a4\" data-element_type=\"container\">\n\t\t<div class=\"elementor-element elementor-element-3730fac7 e-con-full e-flex cmsmasters-block-default e-con e-child\" data-id=\"3730fac7\" data-element_type=\"container\">\n\t\t\t\t<div class=\"elementor-element elementor-element-6b1d5571 cmsmasters-block-default cmsmasters-sticky-default elementor-widget elementor-widget-text-editor\" data-id=\"6b1d5571\" data-element_type=\"widget\" data-widget_type=\"text-editor.default\">\n\t\t\t\t<div class=\"elementor-widget-container\">\n\t\t\t\t\t\t\t\t\t<p align=\"center\"><span lang=\"EN\">\u00a0<strong>Instytut Naturalnego Planowania Rodziny<\/strong>\u00a0\u00a0\u00a0<br \/><\/span><span lang=\"EN\"><a href=\"http:\/\/www.iner.pl\/\" target=\"_blank\" rel=\"noopener\">http:\/\/www.iner.pl\/<\/a><\/span><\/p><p align=\"center\"><strong><span lang=\"EN\">Domowy Ko\u015bci\u00f3\u0142 (oaza rodzin)\u00a0<br \/><\/span><\/strong><span lang=\"EN\"><a href=\"http:\/\/www.dkelblag.pl\/\">www.dkelblag.pl<\/a><\/span><\/p><p align=\"center\"><strong><span lang=\"EN\">Spotkania Ma\u0142\u017ce\u0144skie<br \/><\/span><\/strong><span lang=\"EN\"><a href=\"http:\/\/www.spotkaniamalzenskie.pl\/\" target=\"_blank\" rel=\"noopener\">http:\/\/www.spotkaniamalzenskie.pl\/<\/a><\/span><\/p><p align=\"center\"><strong><span lang=\"EN\">Ruch Equipes Notre-Dame\u00a0<br \/><\/span><\/strong><span lang=\"EN\"><a href=\"http:\/\/www.end.org.pl\/\">http:\/\/www.end.org.pl<\/a><\/span><\/p><p align=\"center\"><strong><span lang=\"EN\">Polskie Stowarzyszenie Nauczycieli Naturalnego Planowania Rodziny\u00a0<br \/><\/span><\/strong><span lang=\"EN\"><a href=\"http:\/\/www.psnnpr.com\/\">http:\/\/www.psnnpr.com\/<\/a><\/span><\/p><p align=\"center\"><span class=\"ciemnoszary-9\"><strong><span lang=\"EN\">Przymierze Rodzin<br \/><\/span><\/strong><\/span><span lang=\"EN\"><a href=\"http:\/\/www.przymierze.org.pl\/\" target=\"_blank\" rel=\"noopener\">http:\/\/www.przymierze.org.pl\/<\/a><\/span><\/p><p align=\"center\"><strong><span lang=\"EN\">Ma\u0142\u017ce\u0144skie Drogi<\/span><\/strong><span lang=\"EN\">\u00a0\u00a0<br \/><a href=\"http:\/\/www.malzenstwo.pl\/\" target=\"_blank\" rel=\"noopener\">http:\/\/www.malzenstwo.pl\/<\/a><\/span><\/p>\t\t\t\t\t\t\t\t<\/div>\n\t\t\t\t<\/div>\n\t\t\t\t<\/div>\n\t\t<div class=\"elementor-element elementor-element-47ac1e33 e-con-full e-flex cmsmasters-block-default e-con e-child\" data-id=\"47ac1e33\" data-element_type=\"container\">\n\t\t\t\t<div class=\"elementor-element elementor-element-6f01b33b cmsmasters-block-default cmsmasters-sticky-default elementor-widget elementor-widget-text-editor\" data-id=\"6f01b33b\" data-element_type=\"widget\" data-widget_type=\"text-editor.default\">\n\t\t\t\t<div class=\"elementor-widget-container\">\n\t\t\t\t\t\t\t\t\t<p align=\"center\"><strong><span lang=\"EN\">Narzecze\u0144stwo Ma\u0142\u017ae\u0144stwo Rodzina<br \/><\/span><\/strong><span lang=\"EN\"><a href=\"http:\/\/rodzina.opoka.org.pl\/\" target=\"_blank\" rel=\"noopener\">http:\/\/rodzina.opoka.org.pl\/<\/a><\/span><\/p><p align=\"center\"><strong><span lang=\"EN\">Poronienie<br \/><\/span><\/strong><span lang=\"EN\"><a href=\"http:\/\/www.poronienie.pl\/\" target=\"_blank\" rel=\"noopener\">http:\/\/www.poronienie.pl\/<\/a><\/span><\/p><p align=\"center\"><strong><span lang=\"EN\">Fundacja Rodzin Adopcyjnych<br \/><\/span><\/strong><span lang=\"EN\"><a href=\"http:\/\/www.adopcja.org.pl\/\" target=\"_blank\" rel=\"noopener\">http:\/\/www.adopcja.org.pl\/<\/a><\/span><\/p><p class=\"ciemnoszary-91\" align=\"center\"><strong><span lang=\"EN\">Szko\u0142a Rodzenia<br \/><\/span><\/strong><span lang=\"EN\"><a title=\"blocked::http:\/\/www.centrumrodziny.com\/\" href=\"http:\/\/www.centrumrodziny.com\/\">www.centrumrodziny.com<\/a><\/span><\/p><p align=\"center\"><strong><span lang=\"EN\">Akademia Rodziny<br \/><\/span><\/strong><span lang=\"EN\"><a href=\"http:\/\/www.akademia-rodziny.pl\/\" target=\"_blank\" rel=\"noopener\">http:\/\/www.akademia-rodziny.pl\/<\/a><\/span><\/p><p align=\"center\"><strong><span lang=\"EN\">G\u0142os dla \u017cycia <\/span><\/strong><span class=\"ciemnoszary-9\"><span lang=\"EN\"><strong>Magazyn s\u0142u\u017cby \u017cyciu i rodzinie<\/strong>\u00a0<br \/><\/span><\/span><span lang=\"EN\"><a href=\"http:\/\/www.prolife.com.pl\/serwis\/index_g.php?strona=biezacy\" target=\"_blank\" rel=\"noopener\">http:\/\/www.prolife.com.pl\/serwis\/index_g.php?strona=biezacy<\/a><\/span><\/p><p align=\"center\">\u00a0<\/p>\t\t\t\t\t\t\t\t<\/div>\n\t\t\t\t<\/div>\n\t\t\t\t<\/div>\n\t\t\t\t<\/div>\n\t\t\t\t\t<\/div>\n\t\t\t\t<\/div>\n\t\t\t\t<\/div>\n\t\t","protected":false},"excerpt":{"rendered":"<p>Home|No breadcrumbs Zach\u0119camy do zajrzenia na poni\u017csze strony: \u00a0Instytut Naturalnego Planowania Rodziny\u00a0\u00a0\u00a0http:\/\/www.iner.pl\/ Domowy Ko\u015bci\u00f3\u0142 (oaza rodzin)\u00a0www.dkelblag.pl Spotkania Ma\u0142\u017ce\u0144skiehttp:\/\/www.spotkaniamalzenskie.pl\/ Ruch Equipes Notre-Dame\u00a0http:\/\/www.end.org.pl Polskie Stowarzyszenie Nauczycieli Naturalnego Planowania Rodziny\u00a0http:\/\/www.psnnpr.com\/ Przymierze Rodzinhttp:\/\/www.przymierze.org.pl\/ Ma\u0142\u017ce\u0144skie&#8230;<\/p>\n","protected":false},"author":1,"featured_media":0,"parent":0,"menu_order":0,"comment_status":"closed","ping_status":"closed","template":"","meta":{"_acf_changed":false,"ngg_post_thumbnail":0,"footnotes":"","_links_to":"","_links_to_target":""},"class_list":["post-40482","page","type-page","status-publish","hentry"],"acf":[],"_links":{"self":[{"href":"https:\/\/urszula.malbork.pl\/index.php\/wp-json\/wp\/v2\/pages\/40482","targetHints":{"allow":["GET"]}}],"collection":[{"href":"https:\/\/urszula.malbork.pl\/index.php\/wp-json\/wp\/v2\/pages"}],"about":[{"href":"https:\/\/urszula.malbork.pl\/index.php\/wp-json\/wp\/v2\/types\/page"}],"author":[{"embeddable":true,"href":"https:\/\/urszula.malbork.pl\/index.php\/wp-json\/wp\/v2\/users\/1"}],"replies":[{"embeddable":true,"href":"https:\/\/urszula.malbork.pl\/index.php\/wp-json\/wp\/v2\/comments?post=40482"}],"version-history":[{"count":4,"href":"https:\/\/urszula.malbork.pl\/index.php\/wp-json\/wp\/v2\/pages\/40482\/revisions"}],"predecessor-version":[{"id":40488,"href":"https:\/\/urszula.malbork.pl\/index.php\/wp-json\/wp\/v2\/pages\/40482\/revisions\/40488"}],"wp:attachment":[{"href":"https:\/\/urszula.malbork.pl\/index.php\/wp-json\/wp\/v2\/media?parent=40482"}],"curies":[{"name":"wp","href":"https:\/\/api.w.org\/{rel}","templated":true}]}}